4
In base 7, what is -5 - -534?
526
In base 10, what is 747 - 2?
745
In base 10, what is -306 - -19?
-287
In base 13, what is -3 - -1347?
1344
In base 9, what is -644 + -3?
-647
In base 16, what is -7 + 11?
a
In base 16, what is 0 + 81?
81
In base 12, what is 5 + 1161?
1166
In base 5, what is -13 - -221?
203
In base 7, what is 24 - 1412?
-1355
In base 14, what is -2da - 3?
-2dd
In base 9, what is -53 - -4?
-48
In base 11, what is -3 - 38?
-40
In base 7, what is -1025 - 11?
-1036
In base 13, what is c + b1?
c0
In base 7, what is -5150 + 4?
-5143
In base 10, what is -5 - 53?
-58
In base 2, what is 1 - -1001000?
1001001
In base 12, what is -5 - a5?
-aa
In base 9, what is 0 - 22?
-22
In base 14, what is -226 - -4?
-222
In base 7, what is -4 + -354?
-361
In base 12, what is -36 + 0?
-36
In base 7, what is -246 + -264?
-543
In base 14, what is 2a0 - -d?
2ad
In base 5, what is -141 - 14?
-210
In base 8, what is 17707 + 0?
17707
In base 4, what is -1323 + 10?
-1313
In base 4, what is 123022 - 0?
123022
In base 5, what is 3 - 1223?
-1220
In base 5, what is 1 - -11122?
11123
In base 11, what is -300 + -10?
-310
In base 7, what is -40662 + 3?
-40656
In base 5, what is -43 + 202?
104
In base 14, what is -5a2 + -5?
-5a7
In base 15, what is 2 + -5?
-3
In base 14, what is 2d5 - 2?
2d3
In base 11, what is 89a - 0?
89a
In base 3, what is 111 + 1012121?
1020002
In base 15, what is 875 - -5?
87a
In base 6, what is 11 + -45?
-34
In base 2, what is -11101011 + -1?
-11101100
In base 15, what is -d - 231?
-23e
In base 14, what is -dc + 4?
-d8
In base 10, what is 1 + -1107?
-1106
In base 5, what is -21441 + -2?
-21443
In base 5, what is 2 - 400?
-343
In base 7, what is 1 - 123?
-122
In base 11, what is -3 + -39?
-41
In base 10, what is -2 - 147?
-149
In base 11, what is 164 + 0?
164
In base 4, what is 1 - -1130?
1131
In base 16, what is 1 + 31a?
31b
In base 10, what is -124 - -13?
-111
In base 4, what is -23033 - 32?
-23131
In base 7, what is -34545 - 1?
-34546
In base 10, what is 44 - 139?
-95
In base 8, what is 4 + 1140?
1144
In base 5, what is -4 + -1224?
-1233
In base 5, what is 242 + 102?
344
In base 5, what is 213 - -234?
1002
In base 13, what is -4 - 3125?
-3129
In base 13, what is 16 - 56?
-40
In base 16, what is -47b - -1a?
-461
In base 11, what is -2476 + -2?
-2478
In base 14, what is b26 + 5?
b2b
In base 14, what is 1d - 10?
d
In base 15, what is 3 - 21?
-1d
In base 15, what is 6b + -2?
69
In base 7, what is -2 + 102?
100
In base 14, what is -531 + 0?
-531
In base 6, what is -2 + 25?
23
In base 3, what is -10 + 10200?
10120
In base 7, what is -33 + 64?
31
In base 4, what is -1132 + 12?
-1120
In base 11, what is -26 - -20?
-6
In base 15, what is a4 + -5?
9e
In base 9, what is -5 + -247?
-253
In base 16, what is -4 + 126?
122
In base 4, what is -11 - -102?
31
In base 16, what is 1de - 1?
1dd
In base 2, what is -1101011100 + 1101?
-1101001111
In base 8, what is -6233 - -2?
-6231
In base 14, what is 262 - 2?
260
In base 6, what is -2 + -15512?
-15514
In base 10, what is -73 - 8?
-81
In base 6, what is -22345 - -3?
-22342
In base 16, what is -2 - -8a?
88
In base 8, what is -3 - -464?
461
In base 10, what is 64 - -19?
83
In base 12, what is -43 - 21?
-64
In base 11, what is 0 - 617?
-617
In base 5, what is -241104 - 10?
-241114
In base 5, what is 230 + -3?
222
In base 5, what is -3 + 3041?
3033
In base 9, what is 2 + 353?
355
In base 14, what is -2 + -a5?
-a7
In base 8, what is -255 + -4?
-261
In base 16, what is 0 + -34?
-34
In base 6, what is 3 + -430?
-423
In base 12, what is -226 + 0?
-226
In base 4, what is -220 - -200?
-20
In base 6, what is 5 - -24?
33
In base 11, what is 644 + -1?
643
In base 13, what is -25 - -63?
3b
In base 3, what is -202 + -12?
-221
In base 13, what is -1 + -13?
-14
In base 7, what is -4 - 156?
-163
In base 10, what is -121 + 35?
-86
In base 3, what is -12 - 1001?
-1020
In base 12, what is -25 + 28?
3
In base 16, what is 94 + -5?
8f
In base 16, what is -2 - 2484?
-2486
In base 5, what is -3133210 + 2?
-3133203
In base 10, what is 1 - -333?
334
In base 6, what is -20 + 32?
12
In base 14, what is 4 - 12?
-c
In base 11, what is -383 - -5?
-379
In base 2, what is 10110 - 111010?
-100100
In base 6, what is -105 - -131?
22
In base 3, what is 201202 + 10?
201212
In base 5, what is -13 + -101?
-114
In base 14, what is -3 - 92?
-95
In base 2, what is -101100000 - -11001?
-101000111
In base 9, what is 155 + -2?
153
In base 10, what is -6 - -115?
109
In base 5, what is 42123 + -10?
42113
In base 11, what is -3 - 42?
-45
In base 5, what is -142 + -23?
-220
In base 16, what is -6 - -329?
323
In base 7, what is -16654 - 0?
-16654
In base 8, what is -1 + 404?
403
In base 2, what is -100 - -1001000011010?
1001000010110
In base 14, what is -6 + -41?
-47
In base 4, what is 321310 + 10?
321320
In base 2, what is 11001001010 - 10?
11001001000
In base 16, what is -19c + 2?
-19a
In base 4, what is 20322 + -120?
20202
In base 6, what is -3 - -2354?
2351
In base 6, what is -1531 + 1?
-1530
In base 12, what is 1257a + -2?
12578
In base 7, what is -1 - -53?
52
In base 11, what is 3 - a6?
-a3
In base 5, what is -1231141 + 3?
-1231133
In base 8, what is 32 - -367?
421
In base 14, what is b + 10?
1b
In base 5, what is -40 + 4?
-31
In base 3, what is 2 - 0?
2
In base 5, what is -2 + -1213?
-1220
In base 13, what is -1 + 98?
97
In base 7, what is 5 - 14640?
-14632
In base 11, what is -362 + 5?
-358
In base 13, what is -b + -5?
-13
In base 5, what is 43 - -32?
130
In base 16, what is -4b7 - 5?
-4bc
In base 7, what is 264 - 14?
250
In base 7, what is 4 + -41?
-34
In base 7, what is -1210 - -5?
-1202
In base 4, what is 11 - -1332?
2003
In base 14, what is -b - a4?
-b1
In base 4, what is 2 + -12213?
-12211
In base 15, what is -2a4 - -1?
-2a3
In base 14, what is 7b3 + 1?
7b4
In base 5, what is 340 + -110?
230
In base 5, what is 0 - -13241?
13241
In base 2, what is 10 - -11000011?
11000101
In base 10, what is 3 + 83?
86
In base 10, what is 1 - 370?
-369
In base 10, what is -1724 + -13?
-1737
In base 7, what is -5 + 21461?
21453
In base 4, what is -11 - -1020?
1003
In base 8, what is 3 - -10?
13
In base 2, what is -100 + -1000011101?
-1000100001
In base 10, what is 8 - -66?
74
In base 8, what is 1570 + 5?
1575
In base 16, what is 1ed + 2?
1ef
In base 7, what is -106 - 5?
-114
In base 10, what is 104 - 3?
101
In base 16, what is 4 - -18b0?
18b4
In base 2, what is 0 - -10011101111?
10011101111
In base 8, what is 210 + 11?
221
In base 12, what is 750 + -1?
74b
In base 11, what is -4387 + 5?
-4382
In base 8, what is 3 + 671?
674
In base 14, what is 1cd + 5?
1d4
In base 15, what is 1dd - 5?
1d8
In base 11, what is 15 - 19?
-4
In base 2, what is 0 + -101001001?
-101001001
In base 3, what is 1 + -100?
-22
In base 2, what is 110 + 11011?
100001
In base 4, what is 0 + 1203100?
1203100
In base 5, what is 10 - 330?
-320
In base 9, what is -380 - 4?
-384
In base 9, what is 724 - 5?
718
In base 15, what is 1da - -1?
1db
In base 10, what is -5 - 729?
-734
In base 4, what is -3 + -30200?
-30203
In base 2, what is -10000001110 + 0?
-10000001110
In base 2, what is 11111 - -1000000?
1011111
In base 9, what is 4 + -1133?
-1128
In base 14, what is -16 - 15?
-2b
In base 2, what is 11 - -101?
1000
In base 11, what is 4 + -88?
-84
In base 8, what is -134 + 4?
-130
In base 4, what is 10 - 1021?
-1011
In base 13, what is 4 + -13?
-c
In base 2, what is -101 - 110111?
-111100
In base 7, what is 1 - 215?
-214
In base 4, what is 11 - 31020?
-31003
In base 6, what is -5 + -5223?
-5232
In base 15, what is -6 - 75?
-7b
In base 7, what is 2052 - 5?
2044
In base 7, what is 21 - 5?
13
In base 16, what is -7 - 74?
-7b
In base 7, what is 4 - -261?
265
In base 3, what is -122221210 + 12?
-122221121
In base 9, what is -1 - -510?
508
In base 7, what is -1 - -42?
41
In base 5, what is -4143 - -4?
-4134
In base 13, what is 4ac - 3?
4a9
In base 2, what is 101010 + 0?
101010
In base 6, what is 44 - -143?
231
In base 7, what is -3 - 4213?
-4216
In base 15, what is -1 - 2b8?
-2b9
In base 15, what is -10cc + -3?
-10d0
In base 4, what is 12012 + 0?
12012
In base 13, what is -2 + b15?
b13
In base 10, what is -23 - -7?
-16
In base 12, what is 111 + 23?
134
In base 8, what is -677 + -5?
-704
In base 5, what is 0 + 1